{"id":79,"date":"2018-03-16T20:00:13","date_gmt":"2018-03-16T19:00:13","guid":{"rendered":"http:\/\/nucompany.de\/shop\/?post_type=product&#038;p=79"},"modified":"2023-06-12T20:48:00","modified_gmt":"2023-06-12T18:48:00","slug":"grace-cd","status":"publish","type":"product","link":"https:\/\/nucompany.de\/shop\/produkt\/grace-cd\/","title":{"rendered":"Grace (CD)"},"content":{"rendered":"<p>Am Anfang standen 4 eigene Songs und die Idee, wieder ein nu company Album zu machen. Am Ende erwarten den H\u00f6rer nun insgesamt 13 eindrucksvolle, eigene Kompositionen unterschiedlichster Mitglieder von nu company.<\/p>\n<p>In einem gemeinsamen kreativen Prozess sind au\u00dfergew\u00f6hnliche Titel entstanden, die die gro\u00dfe Bandbreite von rhythm&#8217;n&#8217;gospel abdecken: von druckvollen Abgeh-Nummern mit modernen Beats und kraftvollen B\u00e4ssen bis zu wundersch\u00f6nen, emotionalen Gospel-Pop-Balladen, die den Himmel aufrei\u00dfen. Und dazwischen flackern immer mal wieder Anspielungen an alte Motown und Soul-Zeiten auf.<\/p>\n<p>&#8222;Grace&#8220; &#8211; &#8222;Gnade&#8220; ist das Thema dieser CD, mit der nu company als einzigartiges Chor-und-Band-Projekt ein weiteres Mal ein Zeichen setzt und seine unverwechselbare Art und Klasse unter Beweis stellt.<\/p>\n<p>Die CD &#8222;Grace&#8220; ist am 18. M\u00e4rz 2018 erschienen.<\/p>\n","protected":false},"excerpt":{"rendered":"<p>13 eigene Kompositionen vom Feinsten. Von druckvollen R&#8217;n&#8217;G-Songs bis zu wundersch\u00f6nen, ruhigen Gospel-Nummern bietet dieses neueste Album von nu company einen eindrucksvollen Einblick in die musikalischen Herzen des Ausnahme-Chor-und-Band-Projekts aus Deutschland und der Schweiz.<\/p>\n<p><iframe loading=\"lazy\" src=\"https:\/\/w.soundcloud.com\/player\/?url=https%3A\/\/api.soundcloud.com\/playlists\/472727565&amp;color=%235696a4&amp;auto_play=false&amp;hide_related=false&amp;show_comments=true&amp;show_user=true&amp;show_reposts=false&amp;show_teaser=true\" width=\"100%\" height=\"450\" frameborder=\"no\" scrolling=\"no\" data-mce-fragment=\"1\"><\/iframe><\/p>\n<p><strong>Die CD &#8222;Grace&#8220; erscheint am 18. M\u00e4rz 2018.<\/strong><\/p>\n","protected":false},"featured_media":100,"comment_status":"closed","ping_status":"closed","template":"","meta":{"jetpack_post_was_ever_published":false,"jetpack_publicize_message":"","jetpack_publicize_feature_enabled":true,"jetpack_social_post_already_shared":true,"jetpack_social_options":{"image_generator_settings":{"template":"highway","default_image_id":0,"font":"","enabled":false},"version":2}},"product_brand":[],"product_cat":[16],"product_tag":[],"class_list":{"0":"post-79","1":"product","2":"type-product","3":"status-publish","4":"has-post-thumbnail","6":"product_cat-cd","8":"first","9":"instock","10":"shipping-taxable","11":"purchasable","12":"product-type-simple"},"jetpack_publicize_connections":[],"jetpack_sharing_enabled":true,"_links":{"self":[{"href":"https:\/\/nucompany.de\/shop\/wp-json\/wp\/v2\/product\/79","targetHints":{"allow":["GET"]}}],"collection":[{"href":"https:\/\/nucompany.de\/shop\/wp-json\/wp\/v2\/product"}],"about":[{"href":"https:\/\/nucompany.de\/shop\/wp-json\/wp\/v2\/types\/product"}],"replies":[{"embeddable":true,"href":"https:\/\/nucompany.de\/shop\/wp-json\/wp\/v2\/comments?post=79"}],"wp:featuredmedia":[{"embeddable":true,"href":"https:\/\/nucompany.de\/shop\/wp-json\/wp\/v2\/media\/100"}],"wp:attachment":[{"href":"https:\/\/nucompany.de\/shop\/wp-json\/wp\/v2\/media?parent=79"}],"wp:term":[{"taxonomy":"product_brand","embeddable":true,"href":"https:\/\/nucompany.de\/shop\/wp-json\/wp\/v2\/product_brand?post=79"},{"taxonomy":"product_cat","embeddable":true,"href":"https:\/\/nucompany.de\/shop\/wp-json\/wp\/v2\/product_cat?post=79"},{"taxonomy":"product_tag","embeddable":true,"href":"https:\/\/nucompany.de\/shop\/wp-json\/wp\/v2\/product_tag?post=79"}],"curies":[{"name":"wp","href":"https:\/\/api.w.org\/{rel}","templated":true}]}}